et u(j) = j + 2. Let f(o) = -2*m(o) + 7*u(o). Let c be f(1). Determine q(c).
0
Let p(n) = n**3 + n**2 - 1. Let v = -2 - -5. Let f be ((-2)/v)/(4/6). Give p(f).
-1
Let c(x) = x**3 + 4*x + 3 + 0*x**3 - 6 + 6*x**2. Suppose 2*z - 20 = -u - 3*z, -4*z + 5 = 3*u. What is c(u)?
2
Let m(i) = -2*i. Let x be m(-1). Let v(t) be the third derivative of 1/12*t**4 + 0*t - 2/3*t**3 + 2*t**x + 0. Determine v(5).
6
Suppose -2*z = -z. Let m = z - -2. Let l(j) = 2*j - 2 + 4 - 4*j. What is l(m)?
-2
Suppose 6*c - c = 15. Let k(f) = 2*f**3 + 0*f - 1 - c*f**3 - 6*f - 6*f**2 - 4. What is k(-5)?
0
Suppose 4*x - 6 = 6*x + r, 5*x + 9 = -r. Let p(z) = 7*z + 1. Calculate p(x).
-6
Let d(j) = -j**3 + 6*j**2 - j + 4. Let a(h) = -h**2 + 6*h + 1. Let z be a(5). Give d(z).
-2
Let n(d) = -d - 1. Let g(l) = 6*l - 3. Let y be g(3). Suppose i + 3*i + 3 = -x, -5*x + i = y. What is n(x)?
2
Let p(s) = -6*s**2 + 6*s - 12. Suppose -3*v = 3*d - 21, 0 = -5*d - v + 10 + 17. Let m(b) = -b**2 + b - 1. Let w(c) = d*m(c) - p(c). Give w(0).
7
Let b(w) = -w**2 - 5*w + 4. Let s be b(-5). Let a(z) = 0*z + 4*z + s - 5*z. Suppose 0*x + 10 = 2*g - 2*x, 16 = 4*g - 2*x. What is a(g)?
1
Let m(f) be the third derivative of -f**5/30 + f**4/24 - f**3/6 - f**2. Let o = -2 - -6. Suppose n = 5, 0 = -3*d + o*n - 9*n + 28. Determine m(d).
-2
Let w(a) be the third derivative of 0*a + 1/6*a**3 + 1/2*a**4 + 0 - 2*a**2. Suppose 6*u + 4 = 2*u. Give w(u).
-11
Let u = -1 + 6. Let h(z) = z**3 - 4*z**2 - 7*z + 2. Calculate h(u).
-8
Let b(c) = -44*c + 3 - 1 + 46*c + 2. Give b(-10).
-16
Let l be (-90)/(-36) - (-2)/(-4). Suppose 3*d = 12, 0 = -0*u - l*u - 3*d + 2. Let z(q) = -q - 2. Give z(u).
3
Let s = 9 + -6. Let x(f) = f + s - 2 + 3 + 3. Give x(-4).
3
Let s(n) = 4*n**2 + 2*n - 17. Let q(j) = -2*j**2 - j + 8. Let g(k) = -13*q(k) - 6*s(k). Give g(2).
8
Let h(l) = l**2 + 6. Let x be h(0). Let z be (-145)/30 - 1/x. Let y(g) = -1 + 3*g + 0*g - 2*g. Give y(z).
-6
Let d(m) = m**2 + 9*m + 7. Let t(l) = 3*l - 67. Let x be t(20). What is d(x)?
-7
Let k(b) = 2*b**2 + 4*b. Let m(l) = -3*l**2 - 6*l + 1. Let c(n) = -5*k(n) - 3*m(n). What is c(-2)?
-3
Let q(a) be the second derivative of -4*a + 1/12*a**4 + 0 - 2/3*a**3 + 3/2*a**2. Suppose 5 = 5*f - 5. Determine q(f).
-1
Let o(v) = -6*v + 7 + 6*v**2 + 13*v**3 + 3*v**2 - 4*v**2 - 12*v**3. Calculate o(-6).
7
Let i(h) = 2*h**3 + 3*h**3 + h**2 + 5*h - 4 + 2*h**3 - 8*h**3. What is i(3)?
-7
Let b = -1 + 1. Let t(g) = g - g - g + b. Suppose 0 = -p - 5*i, 0 = 3*p - 4*p + 4*i. Give t(p).
0
Let f(y) = 24 + y - 2*y - 15. Let k(w) = -w**2 + 9*w + 14. Let u be k(10). Calculate f(u).
5
Let l(a) = a**3 - 4*a**2 - 4*a - 1. Let u(y) be the third derivative of -y**6/60 + 2*y**5/15 + 3*y**4/8 + y**3/2 - y**2. Let s(z) = 7*l(z) + 3*u(z). Give s(3).
-10
Let i(y) = y**2 - 3*y - 4. Suppose 0*q = -q - 6. Let z(j) = -j - 6. Let d be z(q). Let p be -1 - (d - 7) - 1. Give i(p).
6
Let s(y) = y**3 + 10*y**2 - 12*y - 15. Let p be s(-11). Let f(r) = r**3 + 4*r**2 + 2*r + 3. Give f(p).
-5
Let l(v) = -4*v + 10 - v + 2*v**2 + v - 11. Calculate l(3).
5
Let v(x) = -3 - 117*x - 11*x**2 - 2 + x**3 + 128*x. Give v(10).
5
Suppose 8*j - 7*j = -3. Let q(s) = 2*s**2 + 2*s - 4. Give q(j).
8
Let f(y) = 11*y**2 - 10*y + 6. Suppose 2*r + 10 = 26. Let n(c) = -4*c**2 + 3*c - 2. Let a(m) = r*n(m) + 3*f(m). What is a(5)?
-3
Let z(w) = 11*w**2 - w + 5. Let q(j) = -5*j**2 + j - 2. Let v(k) = -9*q(k) - 4*z(k). What is v(4)?
-6
Suppose 3*c = 5*c - 2*o + 14, 3*o - 17 = c. Suppose -5*g + 5 = -10*g, -5*s = -5*g - 20. Let w(a) = -s*a + 6*a - 3*a + a - 1. Give w(c).
-3
Let a(w) = -w**3 - 5 + 3*w**2 + 4 + 3. Let u be a(3). Suppose -u*l - 2 = -3*l. Let y(t) = t**3 - 3*t**2 - 1. What is y(l)?
-5
Suppose 0 = -3*k + 3 - 0. Let q(z) = -11*z**2 + 2*z - 1. Determine q(k).
-10
Let g(n) be the first derivative of -n**4/4 + 5*n**3/3 + 3*n**2 - n + 1. Determine g(6).
-1
Let u be 7 + -7 - (2 + 1). Let a(s) = s**2 + 4*s. Determine a(u).
-3
Suppose 0 = g + 2*g + 3. Let r(q) = -q**2 + 1. Let h(s) = 2*s**2 + 3*s + 2. Let w(z) = g*h(z) - 3*r(z). Let a = -6 - -11. Give w(a).
5
Suppose 4*k = 5*z + 15, -k + 15 = k + 5*z. Let o(c) = 2*c**3 + 6*c**3 + k - 2*c**3 - 5*c**3 + c. Determine o(0).
5
Let s be (-110)/(-20) - 2/4. Let k(c) be the second derivative of 0 - 2*c + 1/20*c**s + 2/3*c**3 - c**2 + 5/12*c**4. Determine k(-4).
-2
Suppose -4*k - 1 = -17. Let j(d) = -2*d + 13. Let x(s) = s - 7. Let u(w) = k*j(w) + 9*x(w). Give u(7).
-4
Let y be 4/3*9/6. Let z(f) = f + 3 - f**3 - 4*f + 0*f + 2*f**2. Calculate z(y).
-3
Let h(z) = -z**2 - 4*z + 3. Suppose 2*k = -5*f + k + 10, 2*f - 22 = -4*k. Let b be 1/(-3)*9/f. Calculate h(b).
6
Let v(z) = z**2 - z - 1. Let f be v(2). Let n = -3 + f. Let m(q) = q**2 + 4*q + 3. What is m(n)?
-1
Let i = -9 + 12. Let y(g) = -3*g - i*g + 7 - 2 - 4*g**2 + g**3. Let j = 12 + -7. Calculate y(j).
0
Suppose 3*i - 2*y - 25 = 3*y, 20 = -5*i - 4*y. Let h(r) be the third derivative of -1/24*r**4 + 0 + r**2 - 1/3*r**3 + 0*r. What is h(i)?
-2
Let o = 8 + 2. Let l = -6 + o. Suppose -2*x + j = l*j - 11, 3*x = 5*j - 12. Let t(u) = -7*u**2 - 1. Determine t(x).
-8
Let q = 5 + -1. Let j = 0 - q. Let o(k) = k**3 + 4*k**2 + 0*k - 3 + 0*k**3 + k. Determine o(j).
-7
Let s(u) = -u**3 - u**2 + 11. Suppose 3*t - 3 = 0, -3*b - 6*t + t + 5 = 0. Let m be b*(-2)/2*1. What is s(m)?
11
Suppose -y = 4*a - 2, 4*a - y - 4 = 2*a. Let j(x) = a + 8*x**3 - x**2 - 2 + 0 + x. Give j(1).
7
Let g(v) = v**3 + 7*v**2 - 8*v + 1. Suppose 0*c + 6 = -2*x - 2*c, c = -5*x - 35. What is g(x)?
1
Let r(b) be the first derivative of -b**6/120 - b**5/12 - 5*b**4/24 - 5*b**3/6 - 3*b**2/2 - 2. Let z(q) be the second derivative of r(q). Determine z(-4).
-1
Suppose 3*d + 5*w + 4 = 0, -2*d + w = -4*d + 2. Let f(i) = i**2 - 3*i + 2. What is f(d)?
0
Let x(i) = -i**2 - 3 - 4*i + 7*i**2 + 0*i + i**3 - 3*i**2. Give x(-3).
9
Let s(d) = d**3 - 3*d**2 - 3*d + 2. Let x(u) = -u**2 - 10*u - 5. Let f be x(-9). What is s(f)?
6
Let a(y) be the first derivative of -y**2 - 2*y - 3. Suppose -2 = 2*b + f - 3*f, 3*b = 2*f - 2. Let t be (-2)/(-2) - (-3 - b). Determine a(t).
-10
Suppose -a + 2*p - 1 = 0, 4*a = 3*p - 7 + 3. Let j = 6 - 3. Let f(y) = -4 + 2*y + 4*y**2 + y**j - 3*y**2 + 5. What is f(a)?
-1
Let f = -6 - -10. Let a = -3 + f. Let r(y) = 3*y + 4. Let l(u) = -u - 1. Let k(z) = a*r(z) + 4*l(z). What is k(-2)?
2
Let w(u) = -u**2 - 2*u - 2. Let s(z) = z**2 + 3*z + 3. Let d(j) = -5*s(j) - 6*w(j). Suppose -3*n = 2*n - 10. Let o be (n/(-3))/(8/(-60)). Calculate d(o).
7
Let m(s) = -s**2 + 1. Let o be 4/2 - (-2 - (-5 + 3)). Give m(o).
-3
Let d(z) = z**2 - 3*z - 5. Suppose -4 = -4*f - 4*i - 24, -22 = 5*f + 2*i. Let c be 6/f*16/(-6). Suppose 0 = -c*u - 0*u + 20. Give d(u).
5
Let t(b) = 2*b**2 - 4*b + 3. Suppose v - 20 + 17 = 0. Calculate t(v).
9
Suppose 0 = -4*b + 2*x + 8, -b + 3*x + 2 = -10. Suppose b = -2*r - r. Let t(f) = 5*f - 2. Let d(w) = w. Let z(m) = -6*d(m) + t(m). What is z(r)?
-2
Let j(d) be the first derivative of d**3 + 4. Let w(t) = -4*t**2 + t. Let h(n) = -3*j(n) - 2*w(n). Give h(-3).
-3
Suppose -v = -2*v. Let c be v*((-1)/2)/(-1). Let p = c - -5. Let f(t) = t**3 - 6*t**2 + 4*t + 2. Give f(p).
-3
Let j(i) = -i. Let l(b) = -b**3 - 3*b**2 + 3*b + 5. Let x(s) = 2*j(s) - l(s). Determine x(-4).
-1
Let w(q) = -8*q**3 + 3*q**2 + 6*q - 9. Let s(h) = 7*h**3 - 3*h**2 - 5*h + 8. Let n(v) = 7*s(v) + 6*w(v). Determine n(2).
0
Let g(x) = -x**2 + 3*x. Let k(p) be the second derivative of p**4/6 - 7*p**3/6 + p**2/2 + 3*p. Let a(d) = 5*g(d) + 2*k(d). Determine a(0).
2
Let r(o) = -11*o**2 - 7*o - 5. Let l(x) = -5*x**2 - 3*x - 2. Let m(y) = 5*l(y) - 2*r(y). What is m(-1)?
-2
Let a(s) = -s**3 - 3*s**2 + 4*s - 2. Let m(j) = -j - 14. Let w be m(-10). Give a(w).
-2
Let a = -1 - -3. Let l(b) = 3*b**3 + 4*b**2 - 13*b + 6. Let c(t) = 2*t**3 + 2*t**2 - 7*t + 3. Let g(z) = -5*c(z) + 3*l(z). What is g(a)?
-5
Suppose 0 = -t + 3*h + 7, -3*t - 2*h + 3*h + 13 = 0. Let q = 2 - t. Let o(p) = -p**3 - 2*p**2 - 4*p - 2. Calculate o(q).
6
Let q(f) = -5*f - 11. Let s(a) = -6*a - 12. Let g(w) = -4*q(w) + 3*s(w). Let h = -20 + 14. Calculate g(h).
-4
Let n(v) = -v**3 + 2*v**2 - v - 1. Let u be -5*(-3)/(9/6). Suppose 0 = -5*g + u. Determine n(g).
-3
Let v(b) = 2*b**2 + 0*b + b**3 - 3*b - 5*b**2. Suppose -4*z - 3*s = -0*s - 27, -3*z + 34 = 5*s. Wh